((-1)/12). Let d be u(o). Suppose 0*n = -n + 4*s - 8, -4*n + 3*s + d = 0. List the prime factors of n.
2
Suppose 67 = 4*j - 13. Suppose q - j = -3. List the prime factors of q.
17
Let s = 15 - 1. What are the prime factors of s?
2, 7
Let w = 50 - -36. Suppose -4*s - 22 = -b, 3*b - 5*s + 13 = w. What are the prime factors of b?
2, 13
Let m(p) be the first derivative of 1/2*p**2 + 4/3*p**3 + 0*p + 1. List the prime factors of m(-1).
3
Let f(n) = n**2 - 9*n + 16. Let a be f(7). Suppose -5*k = -3*l + 44, -k = -2*k + a. List the prime factors of l.
2, 3
Let p = -2 + 5. Suppose 0*z = -4*z - 2*g - 24, -p*g = 5*z + 32. List the prime factors of 195/10*z/(-6).
13
Let i = 11 - 3. Let k = 1 + i. List the prime factors of k.
3
What are the prime factors of (3 + (0 - 0))*(8 - -1)?
3
Suppose -5*d - 40 = -4*s + 3*s, -224 = -4*s + 4*d. Let i = -26 + s. What are the prime factors of i?
2, 17
Let x = -4 - -21. Suppose -4*y + 11 = -x. Let q = y - 1. What are the prime factors of q?
2, 3
Suppose 0 = 5*z + 3*z - 1136. List the prime factors of z.
2, 71
Suppose -2*y - 500 = -6*y + 4*n, 4*n = -2*y + 268. What are the prime factors of y?
2
Suppose 2 = w - 0. Let c = 5 + -7. List the prime factors of -4*(c + (2 - w)).
2
What are the prime factors of -3 + (54 - -2) + 4?
3, 19
Let c(r) = 5 + 0*r + 0*r + 3*r + 0*r. What are the prime factors of c(7)?
2, 13
Let a = -102 - -143. What are the prime factors of a?
41
Let u(m) = 3*m**2 - 11*m + 22. List the prime factors of u(6).
2
Let v = -79 + 166. What are the prime factors of v?
3, 29
Let q = 9 - 16. Let j be 2 - (q - (2 + 0)). Suppose 0*n + j = n. What are the prime factors of n?
11
Let z(w) = w**2 + w + 36. Let v(c) = -c**2 - c - 36. Let o(n) = -3*v(n) - 2*z(n). List the prime factors of o(0).
2, 3
Let w(v) = v**3 - 3*v**2 + 2*v + 2. What are the prime factors of w(3)?
2
Suppose -c - 5*d = -0*c - 21, -d = -3. List the prime factors of (-11)/(-1) - (5 - c).
2, 3
Let r(y) = -y**2 - 9*y + 9. What are the prime factors of r(-8)?
17
Let d(v) = -1 + 0*v**2 + 2*v**2 + 5*v - 5 - v**2. Let m be d(-6). Suppose 9*j - 4*j - 25 = m. What are the prime factors of j?
5
Let t(n) = 3*n + 14. Let b be t(6). Let q = 63 - b. What are the prime factors of q?
31
What are the prime factors of 4/(-36) - (-13112)/72?
2, 7, 13
Let r(u) = -4*u - 9. What are the prime factors of r(-16)?
5, 11
Let m = -13 - -18. Suppose m*z - 7 = 18. Suppose 0 = j + 4*h - 14, -4*j + 5*j = z*h - 4. What are the prime factors of j?
2, 3
Suppose -3*u - h - 2*h + 27 = 0, 2*u - 2*h - 2 = 0. Suppose 0 = u*k + 3*a - 31 - 13, -2*a = -k + 1. List the prime factors of k.
7
Let c = 140 + -53. What are the prime factors of c?
3, 29
Suppose -2*d = -10 - 52. List the prime factors of d.
31
Let t = 3 + -10. Let v = 12 + t. Suppose v*m - 2*g - g - 40 = 0, 0 = 4*m + 5*g + 5. List the prime factors of m.
5
Suppose 0 = 3*s - 2*j - 35, 0*j - 2*j = -5*s + 53. Suppose 12 = 4*y, y + s = g + 3. List the prime factors of g.
3
Suppose -4*m - 30 + 110 = 0. What are the prime factors of m?
2, 5
Suppose 3*g - 870 = -2*a, 0*g - a = g - 291. List the prime factors of g.
2, 3
Let o = -61 + 89. Let l = -15 + o. List the prime factors of l.
13
Let y(a) = a**2 + a + 12. Suppose 3*v = -o + 23, 3*o = -4*v - 0*v + 24. Suppose -k + 4*f = -12, -5*k + 3*f + v = -0. What are the prime factors of y(k)?
2, 3
List the prime factors of 1 + 110 - (-1 - -2).
2, 5, 11
Suppose -3*z - 2 = 5*p + 13, z - 29 = 4*p. Let h(j) = -2*j + 2. What are the prime factors of h(p)?
2, 7
Suppose k = 3*k + 6. List the prime factors of k/(-6) - 38/(-4).
2, 5
Let z = 51 + 56. What are the prime factors of z?
107
Suppose 4*b + 5*i = i + 4, -11 = 5*b + i. What are the prime factors of -1 - b - 0 - -7?
3
Suppose 5*i - 4*j - 18 = 0, -i = 4*j + 9 - 3. Suppose 2*k - o - 24 = i*o, -o = -5*k + 73. List the prime factors of k.
3, 5
What are the prime factors of 105/(-2)*(-2)/3?
5, 7
Let r(i) = i**3 + 6*i**2 + 2*i - 5. Let p be r(-5). Suppose -1 = w - p. List the prime factors of w.
3
Let w(r) be the third derivative of -5*r**4/12 - r**3/6 + r**2. What are the prime factors of w(-2)?
19
Let h(x) = -13*x - 9. List the prime factors of h(-7).
2, 41
Suppose -5*v + 2 + 3 = 0. Let a be (3 - -2) + -1 + v. Suppose f = -a*p + 19, -3*f + 11 = -4*p - 8. What are the prime factors of f?
3
Let f(z) = 22*z + 22. List the prime factors of f(14).
2, 3, 5, 11
Suppose -2*h = h - 12. Suppose h*j - 5 = -p + 1, -4*p + 24 = -3*j. Suppose -p*g - 20 = -n - g, 0 = n + 4*g - 20. List the prime factors of n.
2, 5
Let n = 167 - 108. List the prime factors of n.
59
Suppose -i + m = -6*i - 58, -4*i - 38 = -2*m. Let v = 17 + i. List the prime factors of v.
2, 3
Suppose -3*f = -5*f + 24. What are the prime factors of f?
2, 3
Let x(z) = -2*z**2 - 7*z + 8. Let s be x(-6). Let w = -11 - -10. Let b = w - s. What are the prime factors of b?
3, 7
Let m be (-1)/(1/3) - -5. Suppose 0*b + 4*b + 4*q = 76, -m*q = -3*b + 52. What are the prime factors of b?
2, 3
Suppose 0 = -5*h - 4*s + 277, 0*h - 4*s + 106 = 2*h. What are the prime factors of h?
3, 19
Let d(w) = w**3 + 2*w + 29. Let j be (-3 - -3)/(-1 + 3). List the prime factors of d(j).
29
Suppose -2 = -0*s - s. Suppose 2*x = 2*a + a - 55, 15 = s*a + 3*x. What are the prime factors of a?
3, 5
Suppose 0*r = -2*c + 2*r + 66, -74 = -2*c - 2*r. What are the prime factors of c?
5, 7
Let j(a) = a**3 - 6*a**2 - 5*a + 9. Suppose 2*o - 5 - 9 = 0. What are the prime factors of j(o)?
23
Suppose 0 = 2*k - 4*k - 5*c + 2, 5*c = -4*k + 14. Let w(v) = -v + 2. Let r be w(k). List the prime factors of (-1)/4 - 41/r.
2, 5
Let s be 30/(-4)*(-4)/(-2). Let v = 20 + s. List the prime factors of v.
5
Suppose 3*j + 4*o = 857, 3*o - 10 - 5 = 0. List the prime factors of j.
3, 31
Let l(u) = 3*u + 1. Let b be l(4). Suppose -d - 1 = 3*h - b, 4*d = -h + 92. What are the prime factors of d?
2, 3
Suppose 147 + 141 = 3*d. List the prime factors of d.
2, 3
List the prime factors of (-1452)/(-14) + (-6)/(-21).
2, 13
Suppose 3 = 2*p - 3*p. What are the prime factors of (-28)/p - (-2)/(-6)?
3
Let m(o) = -o**2 - 6*o + 3. Let k be m(-6). Suppose -4*r + 0*y = -4*y + 12, k*y = 15. Let p(l) = 3*l**3 - 2*l**2 + 2*l - 2. List the prime factors of p(r).
2, 3
Suppose -4*f - f = -15. Suppose 4*q + 20 = 0, -4*d - f*q - q = -72. List the prime factors of d.
23
Let k = -11 - -33. List the prime factors of k.
2, 11
Let t = 28 + -16. List the prime factors of t.
2, 3
Suppose -2*k + i = -275, 2*k - 5*i = -7*i + 290. What are the prime factors of k?
2, 5, 7
Suppose -4*y + 3*y = 0. Suppose -3*i + 24 + 6 = y. List the prime factors of i.
2, 5
Let b(t) = -6*t + 0*t**2 + 3*t**3 - 2*t**3 - 2*t**2 + 5*t**2 - 2. List the prime factors of b(-4).
2, 3
Let s = -387 + 588. List the prime factors of s.
3, 67
Let a = 22 - 21. Suppose 101 - a = 5*g. List the prime factors of g.
2, 5
Let l be 58/(-6) - (-3)/(-9). Let i = 66 - 46. Let j = l + i. List the prime factors of j.
2, 5
Let a(l) be the first derivative of l**4/4 - l**3 + 2*l - 4. List the prime factors of a(4).
2, 3
Suppose -2 = -2*o + 3*o. List the prime factors of (o/2*-14)/2.
7
Suppose -4*b + 3*b + 3*l = -10, -5*b = -2*l - 24. What are the prime factors of b?
2
Suppose 0 = 2*s - 10, 4*n - 3*s = s - 8. Let k(i) = 0*i - n*i - 1 - i**3 + 10*i**2 + 15*i + 2. What are the prime factors of k(11)?
2, 3
Let t(g) = -g**2 - 4*g + 3. Let p be t(-4). Suppose o - j = 12 + p, 2*o - 30 = -5*j. List the prime factors of o.
3, 5
Let v = -1 - -2. Let g be (1/3)/((-3)/(-18)). Suppose g*n - 17 = -v. What are the prime factors of n?
2
Suppose 5*a - 5*m - 46 = -m, a = 4*m + 22. What are the prime factors of a?
2, 3
Let c(v) = v**2 + 5*v + 23. List the prime factors of c(-7).
37
Let d = -101 - -153. What are the prime factors of d?
2, 13
Let l = 210 + -77. List the prime factors of l.
7, 19
Let q(j) = -2*j - 5. What are the prime factors of q(-14)?
23
Suppose 3*g + g - 312 = 0. List the prime factors of g.
2, 3, 13
Suppose -2*u = -5*i + 1084 + 666, -4*i - 4*u + 1400 = 0. What are the prime factors of i?
2, 5, 7
Let g(k) = -6*k + 3*k**2 + 3*k**2 + 4*k**2 + 9*k. List the prime factors of g(-2).
2, 17
Let b = 5 + 0. Suppose 2*x + 10 = -m + 3*m, -b*x - 1 = -m. List the prime factors of m.
2, 3
Suppose 3*q + u - 410 = 0, 4*u - 3*u - 545 = -4*q. List the prime fa